{"id":165,"date":"2025-08-06T10:28:22","date_gmt":"2025-08-06T13:28:22","guid":{"rendered":"https:\/\/neoteca.letras.ufmg.br\/?page_id=165"},"modified":"2025-08-14T20:47:06","modified_gmt":"2025-08-14T23:47:06","slug":"parassintese","status":"publish","type":"page","link":"https:\/\/neoteca.letras.ufmg.br\/index.php\/glossario-de-conceitos\/processos-criativos-de-palavras\/parassintese\/","title":{"rendered":"Parass\u00edntese"},"content":{"rendered":"\n<p class=\"has-text-align-left\">\u00c9 o processo de forma\u00e7\u00e3o de palavras em que se acrescentam simultaneamente um <a href=\"https:\/\/neoteca.letras.ufmg.br\/index.php\/glossario-de-conceitos\/afixo\/\">prefixo<\/a> e um <a href=\"https:\/\/neoteca.letras.ufmg.br\/index.php\/glossario-de-conceitos\/afixo\/\">sufixo<\/a> ao <a href=\"https:\/\/neoteca.letras.ufmg.br\/index.php\/glossario-de-conceitos\/palavra\/radical\/\">radical<\/a>. A palavra s\u00f3 existe com os dois elementos juntos \u2014 se retirarmos apenas o prefixo ou apenas o sufixo, a palavra perde o sentido ou n\u00e3o existe na l\u00edngua.<\/p>\n\n\n\n<p class=\"has-text-align-left\">Exemplo:&nbsp;<em>enfeiti\u00e7ar<\/em>&nbsp;(<em><strong>en-<\/strong>&nbsp;+ feiti\u00e7- +&nbsp;<strong>-ar<\/strong><\/em>),&nbsp;<em>despeda\u00e7ar<\/em>&nbsp;(<em><strong>des-<\/strong>&nbsp;+ peda\u00e7- +&nbsp;<strong>-ar<\/strong><\/em>),&nbsp;<em>ajoelhar<\/em>&nbsp;(<em><strong>a-<\/strong>&nbsp;+ joelh- +&nbsp;<strong>-ar<\/strong><\/em>)&nbsp;<em>entardecer<\/em>&nbsp;(<em><strong>en-<\/strong>&nbsp;+ tard- +&nbsp;<strong>-ecer<\/strong><\/em>).<\/p>\n\n\n\n<p class=\"has-text-align-left\">ATEN\u00c7\u00c3O: Observe que em&nbsp;<em>entardecer<\/em>&nbsp;N\u00c3O usamos nem \u201c<strong>en<\/strong>tard\u201d nem \u201ctard<strong>ecer<\/strong>\u201d isoladamente, \u00e9 como se os dois afixos&nbsp;<strong><em>en-<\/em><\/strong>&nbsp;e&nbsp;<strong><em>-ecer<\/em><\/strong>&nbsp;fossem uma coisa s\u00f3 e nem toda palavra que tem prefixo e sufixo \u00e9 formada por parass\u00edntese. A palavra<em>&nbsp;Infelizmente<\/em>, por exemplo, n\u00e3o \u00e9 um caso de parass\u00edntese, pois tanto&nbsp;<em>infeliz<\/em>&nbsp;(<em><strong>in-<\/strong>&nbsp;+ feliz<\/em>) quanto&nbsp;<em>felizmente<\/em>&nbsp;(<em>feliz +&nbsp;<strong>-mente<\/strong><\/em>) existem de forma independente no vocabul\u00e1rio da l\u00edngua portuguesa. Nesse caso, temos dois processos \u2014 <a href=\"https:\/\/neoteca.letras.ufmg.br\/index.php\/glossario-de-conceitos\/processos-criativos-de-palavras\/prefixacao\/\">prefixa\u00e7\u00e3o<\/a> e <a href=\"https:\/\/neoteca.letras.ufmg.br\/index.php\/glossario-de-conceitos\/processos-criativos-de-palavras\/sufixacao\/\">sufixa\u00e7\u00e3o<\/a> \u2014, aplicados separadamente.<\/p>\n\n\n\n<ul class=\"wp-block-list\">\n<li><a href=\"https:\/\/neoteca.letras.ufmg.br\/index.php\/categorias_neologismos\/parassintese\/\" data-type=\"categorias_neologismos\" data-id=\"18\">Ver neologismos de parass\u00edntese<\/a><\/li>\n<\/ul>\n\n\n\n<hr class=\"wp-block-separator has-alpha-channel-opacity\"\/>\n\n\n\n<h5 class=\"wp-block-heading has-text-align-left\"><strong>Refer\u00eancia<\/strong><\/h5>\n\n\n\n<p class=\"has-text-align-left\">FERREIRA, Paulo Ricardo Sousa.&nbsp;<strong>Neologismos e Processos Lexicais Criativos:<\/strong> a Produtividade Lexical sob a \u00d3tica da Lingu\u00edstica Cognitiva e Gerativa. Disserta\u00e7\u00e3o (Mestrado em Lingu\u00edstica) \u2013 Pontif\u00edcia Universidade Cat\u00f3lica de Minas Gerais, Belo Horizonte, 2021. Dispon\u00edvel em: <a href=\"https:\/\/doi.org\/10.6084\/m9.figshare.14485974.v1\">https:\/\/doi.org\/10.6084\/m9.figshare.14485974.v1<\/a>. Acesso em: 15 fev. 2025.<\/p>\n","protected":false},"excerpt":{"rendered":"<p>\u00c9 o processo de forma\u00e7\u00e3o de palavras em que se acrescentam simultaneamente um prefixo e um sufixo ao radical. A [&hellip;]<\/p>\n","protected":false},"author":2,"featured_media":0,"parent":136,"menu_order":0,"comment_status":"closed","ping_status":"closed","template":"","meta":{"site-sidebar-layout":"default","site-content-layout":"","ast-site-content-layout":"default","site-content-style":"default","site-sidebar-style":"default","ast-global-header-display":"","ast-banner-title-visibility":"","ast-main-header-display":"","ast-hfb-above-header-display":"","ast-hfb-below-header-display":"","ast-hfb-mobile-header-display":"","site-post-title":"","ast-breadcrumbs-content":"","ast-featured-img":"","footer-sml-layout":"","ast-disable-related-posts":"","theme-transparent-header-meta":"","adv-header-id-meta":"","stick-header-meta":"","header-above-stick-meta":"","header-main-stick-meta":"","header-below-stick-meta":"","astra-migrate-meta-layouts":"default","ast-page-background-enabled":"default","ast-page-background-meta":{"desktop":{"background-color":"var(--ast-global-color-5)","background-image":"","background-repeat":"repeat","background-position":"center center","background-size":"auto","background-attachment":"scroll","background-type":"","background-media":"","overlay-type":"","overlay-color":"","overlay-opacity":"","overlay-gradient":""},"tablet":{"background-color":"","background-image":"","background-repeat":"repeat","background-position":"center center","background-size":"auto","background-attachment":"scroll","background-type":"","background-media":"","overlay-type":"","overlay-color":"","overlay-opacity":"","overlay-gradient":""},"mobile":{"background-color":"","background-image":"","background-repeat":"repeat","background-position":"center center","background-size":"auto","background-attachment":"scroll","background-type":"","background-media":"","overlay-type":"","overlay-color":"","overlay-opacity":"","overlay-gradient":""}},"ast-content-background-meta":{"desktop":{"background-color":"var(--ast-global-color-4)","background-image":"","background-repeat":"repeat","background-position":"center center","background-size":"auto","background-attachment":"scroll","background-type":"","background-media":"","overlay-type":"","overlay-color":"","overlay-opacity":"","overlay-gradient":""},"tablet":{"background-color":"var(--ast-global-color-4)","background-image":"","background-repeat":"repeat","background-position":"center center","background-size":"auto","background-attachment":"scroll","background-type":"","background-media":"","overlay-type":"","overlay-color":"","overlay-opacity":"","overlay-gradient":""},"mobile":{"background-color":"var(--ast-global-color-4)","background-image":"","background-repeat":"repeat","background-position":"center center","background-size":"auto","background-attachment":"scroll","background-type":"","background-media":"","overlay-type":"","overlay-color":"","overlay-opacity":"","overlay-gradient":""}},"footnotes":""},"class_list":["post-165","page","type-page","status-publish","hentry"],"_links":{"self":[{"href":"https:\/\/neoteca.letras.ufmg.br\/index.php\/wp-json\/wp\/v2\/pages\/165","targetHints":{"allow":["GET"]}}],"collection":[{"href":"https:\/\/neoteca.letras.ufmg.br\/index.php\/wp-json\/wp\/v2\/pages"}],"about":[{"href":"https:\/\/neoteca.letras.ufmg.br\/index.php\/wp-json\/wp\/v2\/types\/page"}],"author":[{"embeddable":true,"href":"https:\/\/neoteca.letras.ufmg.br\/index.php\/wp-json\/wp\/v2\/users\/2"}],"replies":[{"embeddable":true,"href":"https:\/\/neoteca.letras.ufmg.br\/index.php\/wp-json\/wp\/v2\/comments?post=165"}],"version-history":[{"count":6,"href":"https:\/\/neoteca.letras.ufmg.br\/index.php\/wp-json\/wp\/v2\/pages\/165\/revisions"}],"predecessor-version":[{"id":502,"href":"https:\/\/neoteca.letras.ufmg.br\/index.php\/wp-json\/wp\/v2\/pages\/165\/revisions\/502"}],"up":[{"embeddable":true,"href":"https:\/\/neoteca.letras.ufmg.br\/index.php\/wp-json\/wp\/v2\/pages\/136"}],"wp:attachment":[{"href":"https:\/\/neoteca.letras.ufmg.br\/index.php\/wp-json\/wp\/v2\/media?parent=165"}],"curies":[{"name":"wp","href":"https:\/\/api.w.org\/{rel}","templated":true}]}}