{"id":2302,"date":"2026-04-13T19:00:23","date_gmt":"2026-04-13T22:00:23","guid":{"rendered":"https:\/\/neoteca.letras.ufmg.br\/?post_type=neologismo&#038;p=2302"},"modified":"2026-04-13T19:00:23","modified_gmt":"2026-04-13T22:00:23","slug":"necropolitica","status":"publish","type":"neologismo","link":"https:\/\/neoteca.letras.ufmg.br\/index.php\/neologismo\/necropolitica\/","title":{"rendered":"necropol\u00edtica"},"content":{"rendered":"\n<p class=\"has-text-align-left\">1. pol\u00edtica de gest\u00e3o pela morte, em que o Estado, por a\u00e7\u00e3o ou omiss\u00e3o, imp\u00f5e regras coercitivas e condi\u00e7\u00f5es de risco a popula\u00e7\u00f5es vulner\u00e1veis, especialmente em contextos de desigualdade, racismo e exclus\u00e3o social.<\/p>\n\n\n\n<!--more-->\n\n\n\n<h5 class=\"wp-block-heading has-text-align-left\"><strong>Caracter\u00edsticas<\/strong><\/h5>\n\n\n\n<p class=\"has-text-align-left\"><strong><strong>Elemento<\/strong>s:<\/strong> necro- (<a href=\"https:\/\/neoteca.letras.ufmg.br\/index.php\/glossario-de-conceitos\/palavra\/radical\/\" data-type=\"page\" data-id=\"131\">radical<\/a>) + pol\u00edtica (<a href=\"https:\/\/neoteca.letras.ufmg.br\/index.php\/glossario-de-conceitos\/palavra\/\">palavra<\/a>);<br><strong>Classe de palavra:<\/strong> <a href=\"https:\/\/neoteca.letras.ufmg.br\/index.php\/glossario-de-conceitos\/classes-de-palavra\/\">substantivo<\/a>;<br><strong>Tipo de neologismo:<\/strong> <a href=\"https:\/\/neoteca.letras.ufmg.br\/index.php\/categorias_neologismos\/neologismo_formal\/\">formal<\/a>;<br><strong>Processo criativo:<\/strong> <a href=\"https:\/\/neoteca.letras.ufmg.br\/index.php\/glossario-de-conceitos\/processos-criativos-de-palavras\/composicao\/\" data-type=\"page\" data-id=\"138\">composi\u00e7\u00e3o<\/a>;<br><strong><strong><strong><a href=\"https:\/\/neoteca.letras.ufmg.br\/index.php\/glossario-de-conceitos\/dominio-conceptual\/\">Dom\u00ednio<\/a><\/strong><\/strong>:<\/strong> Pol\u00edtica;<br><strong>Origem\/Populariza\u00e7\u00e3o:<\/strong> Cunhado pelo fil\u00f3sofo e te\u00f3rico pol\u00edtico camaron\u00eas Achille Mbembe no ensaio &#8220;Necropol\u00edtica&#8221;, publicado originalmente em 2003.<br><strong>Verifica\u00e7\u00e3o lexicogr\u00e1fica:<\/strong> 6 abr. 2026.<\/p>\n\n\n\n<h5 class=\"wp-block-heading has-text-align-left\"><strong>Exemplos de usos<\/strong><\/h5>\n\n\n\n<p class=\"has-text-align-left\">(1) &#8220;<strong>Necropol\u00edtica<\/strong>: o elo entre Gaza e as favelas brasileiras, por Francisco Ladeira&#8221;<\/p>\n\n\n\n<figure class=\"wp-block-image size-full is-resized\"><a href=\"https:\/\/jornalggn.com.br\/artigos\/necropolitica-o-elo-entre-gaza-e-as-favelas-brasileiras-por-francisco-ladeira\/\"><img fetchpriority=\"high\" decoding=\"async\" width=\"1423\" height=\"289\" src=\"https:\/\/neoteca.letras.ufmg.br\/wp-content\/uploads\/2026\/04\/Captura-de-tela-2026-04-13-185513.png\" alt=\"\" class=\"wp-image-2322\" style=\"aspect-ratio:3.816089295008964;width:745px;height:auto\" srcset=\"https:\/\/neoteca.letras.ufmg.br\/wp-content\/uploads\/2026\/04\/Captura-de-tela-2026-04-13-185513.png 1423w, https:\/\/neoteca.letras.ufmg.br\/wp-content\/uploads\/2026\/04\/Captura-de-tela-2026-04-13-185513-300x61.png 300w, https:\/\/neoteca.letras.ufmg.br\/wp-content\/uploads\/2026\/04\/Captura-de-tela-2026-04-13-185513-1024x208.png 1024w, https:\/\/neoteca.letras.ufmg.br\/wp-content\/uploads\/2026\/04\/Captura-de-tela-2026-04-13-185513-768x156.png 768w\" sizes=\"(max-width: 1423px) 100vw, 1423px\" \/><\/a><\/figure>\n\n\n\n<p class=\"has-text-align-left\">Fonte: <a href=\"https:\/\/jornalggn.com.br\/artigos\/necropolitica-o-elo-entre-gaza-e-as-favelas-brasileiras-por-francisco-ladeira\/\">https:\/\/jornalggn.com.br\/artigos\/necropolitica-o-elo-entre-gaza-e-as-favelas-brasileiras-por-francisco-ladeira\/<\/a>. Acesso em: 13 abr. 2026.<\/p>\n\n\n\n<p class=\"has-text-align-left\">(2) &#8220;A obra <strong>Necropol\u00edtica<\/strong>, escrita pelo fil\u00f3sofo camaron\u00eas Achille Mbembe e publicada originalmente em 2003, \u00e9 um dos textos mais impactantes e influentes da filosofia e das ci\u00eancias sociais contempor\u00e2neas. [\u2026]&#8221;<\/p>\n\n\n\n<figure class=\"wp-block-image size-full is-resized\"><a href=\"https:\/\/www.instagram.com\/p\/DQKdZHzD_yS\/?igsh=aGZ0MDh5YzBtN2Fi\"><img decoding=\"async\" width=\"961\" height=\"742\" src=\"https:\/\/neoteca.letras.ufmg.br\/wp-content\/uploads\/2026\/04\/Captura-de-tela-2026-04-13-185642.png\" alt=\"\" class=\"wp-image-2323\" style=\"width:335px;height:auto\" srcset=\"https:\/\/neoteca.letras.ufmg.br\/wp-content\/uploads\/2026\/04\/Captura-de-tela-2026-04-13-185642.png 961w, https:\/\/neoteca.letras.ufmg.br\/wp-content\/uploads\/2026\/04\/Captura-de-tela-2026-04-13-185642-300x232.png 300w, https:\/\/neoteca.letras.ufmg.br\/wp-content\/uploads\/2026\/04\/Captura-de-tela-2026-04-13-185642-768x593.png 768w\" sizes=\"(max-width: 961px) 100vw, 961px\" \/><\/a><\/figure>\n\n\n\n<p class=\"has-text-align-left\">Fonte: <a href=\"https:\/\/www.instagram.com\/p\/DQKdZHzD_yS\/?igsh=aGZ0MDh5YzBtN2Fi\">https:\/\/www.instagram.com\/p\/DQKdZHzD_yS\/?igsh=aGZ0MDh5YzBtN2Fi<\/a>. Acesso em: 13 abr. 2026<\/p>\n","protected":false},"featured_media":0,"template":"","meta":{"site-sidebar-layout":"default","site-content-layout":"","ast-site-content-layout":"default","site-content-style":"default","site-sidebar-style":"default","ast-global-header-display":"","ast-banner-title-visibility":"","ast-main-header-display":"","ast-hfb-above-header-display":"","ast-hfb-below-header-display":"","ast-hfb-mobile-header-display":"","site-post-title":"","ast-breadcrumbs-content":"","ast-featured-img":"","footer-sml-layout":"","ast-disable-related-posts":"","theme-transparent-header-meta":"","adv-header-id-meta":"","stick-header-meta":"","header-above-stick-meta":"","header-main-stick-meta":"","header-below-stick-meta":"","astra-migrate-meta-layouts":"default","ast-page-background-enabled":"default","ast-page-background-meta":{"desktop":{"background-color":"var(--ast-global-color-5)","background-image":"","background-repeat":"repeat","background-position":"center center","background-size":"auto","background-attachment":"scroll","background-type":"","background-media":"","overlay-type":"","overlay-color":"","overlay-opacity":"","overlay-gradient":""},"tablet":{"background-color":"","background-image":"","background-repeat":"repeat","background-position":"center center","background-size":"auto","background-attachment":"scroll","background-type":"","background-media":"","overlay-type":"","overlay-color":"","overlay-opacity":"","overlay-gradient":""},"mobile":{"background-color":"","background-image":"","background-repeat":"repeat","background-position":"center center","background-size":"auto","background-attachment":"scroll","background-type":"","background-media":"","overlay-type":"","overlay-color":"","overlay-opacity":"","overlay-gradient":""}},"ast-content-background-meta":{"desktop":{"background-color":"var(--ast-global-color-4)","background-image":"","background-repeat":"repeat","background-position":"center center","background-size":"auto","background-attachment":"scroll","background-type":"","background-media":"","overlay-type":"","overlay-color":"","overlay-opacity":"","overlay-gradient":""},"tablet":{"background-color":"var(--ast-global-color-4)","background-image":"","background-repeat":"repeat","background-position":"center center","background-size":"auto","background-attachment":"scroll","background-type":"","background-media":"","overlay-type":"","overlay-color":"","overlay-opacity":"","overlay-gradient":""},"mobile":{"background-color":"var(--ast-global-color-4)","background-image":"","background-repeat":"repeat","background-position":"center center","background-size":"auto","background-attachment":"scroll","background-type":"","background-media":"","overlay-type":"","overlay-color":"","overlay-opacity":"","overlay-gradient":""}},"footnotes":""},"categorias_neologismos":[6,42,26],"class_list":["post-2302","neologismo","type-neologismo","status-publish","hentry","categorias_neologismos-composicao","categorias_neologismos-neologismo_formal","categorias_neologismos-substantivo"],"_links":{"self":[{"href":"https:\/\/neoteca.letras.ufmg.br\/index.php\/wp-json\/wp\/v2\/neologismo\/2302","targetHints":{"allow":["GET"]}}],"collection":[{"href":"https:\/\/neoteca.letras.ufmg.br\/index.php\/wp-json\/wp\/v2\/neologismo"}],"about":[{"href":"https:\/\/neoteca.letras.ufmg.br\/index.php\/wp-json\/wp\/v2\/types\/neologismo"}],"version-history":[{"count":3,"href":"https:\/\/neoteca.letras.ufmg.br\/index.php\/wp-json\/wp\/v2\/neologismo\/2302\/revisions"}],"predecessor-version":[{"id":2324,"href":"https:\/\/neoteca.letras.ufmg.br\/index.php\/wp-json\/wp\/v2\/neologismo\/2302\/revisions\/2324"}],"wp:attachment":[{"href":"https:\/\/neoteca.letras.ufmg.br\/index.php\/wp-json\/wp\/v2\/media?parent=2302"}],"wp:term":[{"taxonomy":"categorias_neologismos","embeddable":true,"href":"https:\/\/neoteca.letras.ufmg.br\/index.php\/wp-json\/wp\/v2\/categorias_neologismos?post=2302"}],"curies":[{"name":"wp","href":"https:\/\/api.w.org\/{rel}","templated":true}]}}

necropolítica

<p class="has-text-align-left">1. política de gestão pela morte, em que o Estado, por ação ou omissão, impõe regras coercitivas e condições de risco a populações vulneráveis, especialmente em contextos de desigualdade, racismo e exclusão social.</p>



<!--more-->



<h5 class="wp-block-heading has-text-align-left"><strong>Características</strong></h5>



<p class="has-text-align-left"><strong><strong>Elemento</strong>s:</strong> necro- (<a href="https://neoteca.letras.ufmg.br/index.php/glossario-de-conceitos/palavra/radical/" data-type="page" data-id="131">radical</a>) + política (<a href="https://neoteca.letras.ufmg.br/index.php/glossario-de-conceitos/palavra/">palavra</a>);<br><strong>Classe de palavra:</strong> <a href="https://neoteca.letras.ufmg.br/index.php/glossario-de-conceitos/classes-de-palavra/">substantivo</a>;<br><strong>Tipo de neologismo:</strong> <a href="https://neoteca.letras.ufmg.br/index.php/categorias_neologismos/neologismo_formal/">formal</a>;<br><strong>Processo criativo:</strong> <a href="https://neoteca.letras.ufmg.br/index.php/glossario-de-conceitos/processos-criativos-de-palavras/composicao/" data-type="page" data-id="138">composição</a>;<br><strong><strong><strong><a href="https://neoteca.letras.ufmg.br/index.php/glossario-de-conceitos/dominio-conceptual/">Domínio</a></strong></strong>:</strong> Política;<br><strong>Origem/Popularização:</strong> Cunhado pelo filósofo e teórico político camaronês Achille Mbembe no ensaio &#8220;Necropolítica&#8221;, publicado originalmente em 2003.<br><strong>Verificação lexicográfica:</strong> 6 abr. 2026.</p>



<h5 class="wp-block-heading has-text-align-left"><strong>Exemplos de usos</strong></h5>



<p class="has-text-align-left">(1) &#8220;<strong>Necropolítica</strong>: o elo entre Gaza e as favelas brasileiras, por Francisco Ladeira&#8221;</p>



<figure class="wp-block-image size-full is-resized"><a href="https://jornalggn.com.br/artigos/necropolitica-o-elo-entre-gaza-e-as-favelas-brasileiras-por-francisco-ladeira/"><img fetchpriority="high" decoding="async" width="1423" height="289" src="https://neoteca.letras.ufmg.br/wp-content/uploads/2026/04/Captura-de-tela-2026-04-13-185513.png" alt="" class="wp-image-2322" style="aspect-ratio:3.816089295008964;width:745px;height:auto" srcset="https://neoteca.letras.ufmg.br/wp-content/uploads/2026/04/Captura-de-tela-2026-04-13-185513.png 1423w, https://neoteca.letras.ufmg.br/wp-content/uploads/2026/04/Captura-de-tela-2026-04-13-185513-300x61.png 300w, https://neoteca.letras.ufmg.br/wp-content/uploads/2026/04/Captura-de-tela-2026-04-13-185513-1024x208.png 1024w, https://neoteca.letras.ufmg.br/wp-content/uploads/2026/04/Captura-de-tela-2026-04-13-185513-768x156.png 768w" sizes="(max-width: 1423px) 100vw, 1423px" /></a></figure>



<p class="has-text-align-left">Fonte: <a href="https://jornalggn.com.br/artigos/necropolitica-o-elo-entre-gaza-e-as-favelas-brasileiras-por-francisco-ladeira/">https://jornalggn.com.br/artigos/necropolitica-o-elo-entre-gaza-e-as-favelas-brasileiras-por-francisco-ladeira/</a>. Acesso em: 13 abr. 2026.</p>



<p class="has-text-align-left">(2) &#8220;A obra <strong>Necropolítica</strong>, escrita pelo filósofo camaronês Achille Mbembe e publicada originalmente em 2003, é um dos textos mais impactantes e influentes da filosofia e das ciências sociais contemporâneas. […]&#8221;</p>



<figure class="wp-block-image size-full is-resized"><a href="https://www.instagram.com/p/DQKdZHzD_yS/?igsh=aGZ0MDh5YzBtN2Fi"><img decoding="async" width="961" height="742" src="https://neoteca.letras.ufmg.br/wp-content/uploads/2026/04/Captura-de-tela-2026-04-13-185642.png" alt="" class="wp-image-2323" style="width:335px;height:auto" srcset="https://neoteca.letras.ufmg.br/wp-content/uploads/2026/04/Captura-de-tela-2026-04-13-185642.png 961w, https://neoteca.letras.ufmg.br/wp-content/uploads/2026/04/Captura-de-tela-2026-04-13-185642-300x232.png 300w, https://neoteca.letras.ufmg.br/wp-content/uploads/2026/04/Captura-de-tela-2026-04-13-185642-768x593.png 768w" sizes="(max-width: 961px) 100vw, 961px" /></a></figure>



<p class="has-text-align-left">Fonte: <a href="https://www.instagram.com/p/DQKdZHzD_yS/?igsh=aGZ0MDh5YzBtN2Fi">https://www.instagram.com/p/DQKdZHzD_yS/?igsh=aGZ0MDh5YzBtN2Fi</a>. Acesso em: 13 abr. 2026</p>
